mposite number?
False
Let k = -22 - -41. Let l = 45 - k. Let a = 39 - l. Is a prime?
True
Suppose -4*b = 2*u, 5*u + 3 = -4*b - 15. Let i be (u + 5)/((-1)/3). Suppose -2*q - 3*j + 73 = 0, -q + 62 - 24 = i*j. Is q a prime number?
False
Let v(o) = o**3 + 7*o**2 + 5*o - 3. Let h be 1/(-3*1/(-3)). Let b(k) = -4*k**3 - k**2 + 1. Let q be b(h). Is v(q) composite?
True
Let p(k) = 11*k**2 + 3*k - 3. Is p(4) a prime number?
False
Let a(y) = 11*y**2 + 6*y + 17. Is a(-6) composite?
True
Let r = -10 - -11. Is (2 - r)/((-1)/(-211)) a composite number?
False
Let c = 1 - -4. Let y(j) = 16*j + 5. Is y(c) prime?
False
Let u = -5 - -44. Let t = 44 + u. Is t a composite number?
False
Let w(r) = 4*r**2 - 5. Is w(-4) a composite number?
False
Let m(o) be the third derivative of 17*o**5/30 - o**4/8 - o**3/3 + 5*o**2. Is m(3) a prime number?
False
Let q(d) = -159*d + 1. Let w be (-1)/(-4) + (-175)/28. Is q(w) composite?
True
Suppose 12 + 13 = 5*b, -2*b - 75 = 5*i. Let n be 1 + (2 - 3*i). Suppose c = -x + n, 4*x = -x + 5*c + 320. Is x composite?
False
Let o = -70 - -627. Is o prime?
True
Let i be 188/(-6) - 2/(-6). Let s = i + 122. Is s a composite number?
True
Suppose -67 = 5*z - 872. Is z composite?
True
Let p = -3 + 10. Suppose 3*m = 26 + p. Is m prime?
True
Suppose 2*u - 8*u = 180. Is ((-92)/10)/(12/u) a prime number?
True
Suppose 5*y - a - 590 = 4*a, -20 = 4*a. Is y a composite number?
False
Suppose -3*n + 250 = 2*n. Let o = 115 - n. Let k = o + -12. Is k composite?
False
Let m = 25 + -17. Suppose -m*n + 3*n + 75 = 0. Is n a prime number?
False
Suppose 0 = 4*v - 4 - 0. Let i be 0 + v + (4 - 1). Suppose i = -2*p + 2*t, -31 + 3 = -p - 5*t. Is p a prime number?
True
Let w = 86 + -51. Is w a prime number?
False
Let b = 71 + -22. Suppose 2*f - 71 = -5*d - f, -5*f + b = 3*d. Is d composite?
False
Suppose 4*k + 5*n - 12 = 0, -3*k = -8*k - 5*n + 15. Let g(u) = 3*u**3 - u**2 - 2*u - 1. Is g(k) prime?
False
Suppose 2*j - 2*g + 82 = -0*j, -j - 35 = g. Is j/(2*2/(-2)) a prime number?
True
Suppose -3*i - 2*d = -4*i + 881, -4*i - 4*d + 3512 = 0. Is i composite?
True
Let t be (-183)/21 - (-4)/(-14). Let a(v) = 2*v**3 + 9*v**2 + 2*v - 10. Let s be a(-8). Is (-3)/t - s/9 a prime number?
True
Suppose z - 2120 = -5*y, 4*z - 5*z + 4*y + 2138 = 0. Is z/40 + (-1)/4 a prime number?
True
Let d(a) = a**3 + 3*a**2 - 4*a + 5. Let t be d(-4). Let g(l) = l**3 - 2*l**2 + 2*l + 2. Is g(t) a prime number?
False
Let s(y) = 4*y**2 + 3*y - 12. Let b be s(-9). Suppose -5*l = -3*p - 5, 7 + 3 = 2*p. Suppose -n = l*n - b. Is n composite?
True
Let n(o) = -7*o - 9. Is n(-14) prime?
True
Let y = -13 - -19. Let m(l) = 24*l**2 + 2*l + 4. Let q be m(y). Is (-2)/(-6) - q/(-15) composite?
False
Let y = -44 + 82. Is y prime?
False
Suppose 2*h - 4*n - 23 = -3*h, 20 = 5*h - 5*n. Let o = 38 - h. Suppose -w + o + 24 = 0. Is w a composite number?
True
Suppose 0 = 6*x - 2*x - 5*q - 30, 0 = 4*x - 2*q - 24. Suppose b = -5, -2*z + 3 = 2*b + 7. Suppose 2*o = -x*d + 343, -3*o + 182 = z*d - 31. Is d composite?
False
Is -4 + (-1)/(5/(-150)) a composite number?
True
Let x(l) be the third derivative of 1/6*l**3 + 1/15*l**5 + 0*l - 2*l**2 - 1/12*l**4 + 0. Is x(1) a composite number?
False
Let f be (1/3)/(6/36). Is (3 - 6) + f*26 a prime number?
False
Let l be 6/2 + (-2 - -2). Suppose 0 = -l*w - w + 232. Let y = -33 + w. Is y composite?
True
Let m = 32 + -47. Is (635/m)/(2/(-6)) composite?
False
Suppose 3*r = 4*h + 3771, 4*r + h - 4883 = 126. Is r a prime number?
False
Is ((-33)/9 + 3)*1266/(-4) a composite number?
False
Let i be (-4)/14 + 116/14. Suppose 20 = 2*x - i. Is x prime?
False
Let a(t) = 3*t + 17 - 2 - 2*t + 1. Let q be a(-7). Let g = 13 + q. Is g composite?
True
Let l = 13765 - 8504. Is l prime?
True
Let z(m) = 85*m + 2. Is z(1) a prime number?
False
Suppose 5*q - 2 - 23 = 0. Suppose 0 = q*b - 4 - 21. Suppose -b = -4*p + 2*n + n, 2*p - 8 = -4*n. Is p a composite number?
False
Is (-157)/((-24)/16*(-4)/(-6)) a prime number?
True
Let k be (5 + -6)*28*1. Is (-595)/k - (-1)/(-4) a composite number?
True
Is 1 + 10/(-8) - 8157/(-4) composite?
False
Let h(i) = -6*i**3 + 14*i**2 - i + 10. Is h(-5) prime?
False
Suppose 4*f - 2486 = -570. Suppose -5*q + f = -171. Suppose -5*h - y = -q, h = 5*h + 4*y - 104. Is h prime?
False
Suppose 0 = -2*y - 2*d + 376, -2*d + 557 = 3*y - 6*d. Is y a prime number?
False
Let h(j) = 25*j - 1. Let g be h(3). Is (g/3)/((-8)/(-84)) a prime number?
False
Suppose 0 = -3*r - 8 - 10. Let c be (-6 - -2)/(r/9). Suppose -f + 40 = -5*j, 4*f = c*f + 5*j - 35. Is f a prime number?
False
Let n = 50 - 25. Let t = 11 - n. Is (-10)/(-35) - 542/t a composite number?
True
Let b(c) be the third derivative of c**5/60 + c**4/12 + c**3 - 5*c**2. Is b(-4) a prime number?
False
Is 119/(-4)*(-2 - 2) a prime number?
False
Suppose -2*p - 2*p - 648 = 0. Let v = p + 239. Is v a composite number?
True
Suppose -401 = -2*y + 217. Is y a composite number?
True
Let h be 23/(-2) + (-1)/(-2). Let r = h - 5. Let d = 27 + r. Is d prime?
True
Is -3 + 0 - (6 - 367) a prime number?
False
Let x = 252 + -76. Suppose -3*m - 11 = -x. Is m a composite number?
True
Let h = 4192 - 638. Is h prime?
False
Let v(o) = -86*o + 9. Let a(f) = f + 3. Let g be a(-7). Is v(g) a prime number?
True
Suppose 11*r - 6*r = 11425. Is r a prime number?
False
Suppose -d = d, -5*m + 4*d + 25 = 0. Suppose 0 = -5*q - s + 748, 456 = 3*q - 2*s + m*s. Is q composite?
False
Let d(l) = -l**3 - 17*l**2 + 10*l - 17. Is d(-19) composite?
True
Suppose s + 5*m = 4*m, 3*s - 4 = -2*m. Suppose -2 = -f + 4*k, -4*f = -s*k - 0 - 8. Is f a composite number?
False
Suppose 45 = 2*q + 11. Suppose -q = -m - 2. Is m a prime number?
False
Let c be (1 - -201)/((-4)/(-2)). Suppose 0*n = -3*n - 192. Let a = n + c. Is a a composite number?
False
Let c(x) = 31*x**2 + x - 1. Is c(-2) a prime number?
False
Suppose 30 = -3*b - 4*r, -b - 5*r + 15 = 36. Let i be ((-3)/2)/(b/8). Suppose 48 + 9 = i*q + 5*n, 4*q - 3*n - 75 = 0. Is q prime?
False
Is 0 - -59 - (-1 + -2) a prime number?
False
Let v = -322 + 179. Let k = -88 - v. Is k composite?
True
Let s(r) = -r**3 + r**2 - 9*r + 3. Suppose 1 = 2*h + 9. Is s(h) prime?
False
Suppose -2*z - 1083 = -5*u, 3*z - 359 = 3*u - 1007. Let s = u + 90. Is s prime?
True
Let p(h) be the first derivative of h**5/20 + 2*h**4/3 + h**3/3 + 7*h**2/2 + 2*h - 1. Let v(s) be the first derivative of p(s). Is v(-6) a prime number?
True
Let c be 3/(-9) + (-602)/(-6). Suppose -96 = -4*b + c. Is b a composite number?
True
Suppose 5*q = -5*z - 44 + 4, -4*z - 2*q - 22 = 0. Let g(a) = 19*a**2 + 2*a - 2. Is g(z) composite?
False
Is (-1)/(3/(-5400)) + 1 a prime number?
True
Let o = -6 - -14. Is (-2)/(-8) + 630/o prime?
True
Suppose 5*g - 2112 = 103. Is g prime?
True
Suppose 2*d - d - 2*a = 0, -4*a + 4 = 0. Suppose 0 = 4*h + d*m + 26, h + 0*m = -2*m - 14. Let s(f) = 9*f**2 + 7*f + 5. Is s(h) composite?
True
Suppose y + 21 = 4*y. Let f = y + 0. Let w = 18 - f. Is w a composite number?
False
Suppose t - 8786 = -3*h, 0 = -3*h + 2*t - 5*t + 8784. Is h composite?
True
Let m be (-2)/3 - (-10)/(-3). Let z be 9/18*4*-1. Is (9/z)/(2/m) composite?
True
Let u be 59 + (-2 - 1*-1). Suppose -50 = -2*o - g, o - 5*o + 106 = 5*g. Let a = u - o. Is a prime?
False
Let s be (3*-3)/(6/4). Let g(q) = q**2 + 6*q + 5. Let x be g(s). Suppose 5*v = x*d + 70, 8*v - d = 3*v + 70. Is v composite?
True
Suppose 0*n = v - 4*n - 81, v = 2*n + 85. Is v prime?
True
Let t(a) = a**2 + 3*a - 3. Let d be t(-5). Let g = d + -3. Suppose -b - g*b = -370. Is b a composite number?
True
Let v = -538 - -1377. Is v a composite number?
False
Let u = -51 + 90. Is u a composite number?
True
Let d(l) = 2*l**2 + 3*l - 3. Let p be d(2). Suppose p = -t + 42. Is t a composite number?
False
Let z be (197/(-2) - 2)*-2. Suppose 2*m = 5*m - z. Is m a composite number?
False
Suppose 5 = 5*f - 5. Suppose p + 206 = f*p. Is p prime?
False
Let h be (-5)/2 - (-3)/6. Is 118*((-3)/2 - h) composite?
False
Let d(v) = -7*v + 4. Let i(u) = 1. Suppose 2*l + 2 + 0 = 0. Let o(r) = l*d(r) - i(r). Is o(6) a composite number?
False
Suppose 0 = -3*h + 4*f + 30, -2*h + 2*f = -23 + 3. Let a = h + 76. Is (1 + 3/2)*a a prime number?
False
Suppose -x = 3*m + 2*m + 25, x - 4*m = 20. Suppose 4*v - 40 + 4 = x. Is v prime?
False
Let b(z) = z**3 - 3*z**2 - 4*z + 4. 